{"version":"1.0","provider_name":"Mas Vilar","provider_url":"https:\/\/www.masvilar.cat\/fr\/","author_name":"weareonfaya","author_url":"https:\/\/www.masvilar.cat\/fr\/author\/onfayapr\/","title":"Bienvenue au Mas Vilar - Mas Vilar","type":"rich","width":600,"height":338,"html":"<blockquote class=\"wp-embedded-content\" data-secret=\"Vwo3s6TqOR\"><a href=\"https:\/\/www.masvilar.cat\/fr\/bienvenue-au-mas-vilar\/\">Bienvenue au Mas Vilar<\/a><\/blockquote><iframe sandbox=\"allow-scripts\" security=\"restricted\" src=\"https:\/\/www.masvilar.cat\/fr\/bienvenue-au-mas-vilar\/embed\/#?secret=Vwo3s6TqOR\" width=\"600\" height=\"338\" title=\"\u00ab\u00a0Bienvenue au Mas Vilar\u00a0\u00bb &#8212; Mas Vilar\" data-secret=\"Vwo3s6TqOR\" frameborder=\"0\" marginwidth=\"0\" marginheight=\"0\" scrolling=\"no\" class=\"wp-embedded-content\"><\/iframe><script type=\"text\/javascript\">\n\/* <![CDATA[ *\/\n\/*! This file is auto-generated *\/\n!function(d,l){\"use strict\";l.querySelector&&d.addEventListener&&\"undefined\"!=typeof URL&&(d.wp=d.wp||{},d.wp.receiveEmbedMessage||(d.wp.receiveEmbedMessage=function(e){var t=e.data;if((t||t.secret||t.message||t.value)&&!\/[^a-zA-Z0-9]\/.test(t.secret)){for(var s,r,n,a=l.querySelectorAll('iframe[data-secret=\"'+t.secret+'\"]'),o=l.querySelectorAll('blockquote[data-secret=\"'+t.secret+'\"]'),c=new RegExp(\"^https?:$\",\"i\"),i=0;i<o.length;i++)o[i].style.display=\"none\";for(i=0;i<a.length;i++)s=a[i],e.source===s.contentWindow&&(s.removeAttribute(\"style\"),\"height\"===t.message?(1e3<(r=parseInt(t.value,10))?r=1e3:~~r<200&&(r=200),s.height=r):\"link\"===t.message&&(r=new URL(s.getAttribute(\"src\")),n=new URL(t.value),c.test(n.protocol))&&n.host===r.host&&l.activeElement===s&&(d.top.location.href=t.value))}},d.addEventListener(\"message\",d.wp.receiveEmbedMessage,!1),l.addEventListener(\"DOMContentLoaded\",function(){for(var e,t,s=l.querySelectorAll(\"iframe.wp-embedded-content\"),r=0;r<s.length;r++)(t=(e=s[r]).getAttribute(\"data-secret\"))||(t=Math.random().toString(36).substring(2,12),e.src+=\"#?secret=\"+t,e.setAttribute(\"data-secret\",t)),e.contentWindow.postMessage({message:\"ready\",secret:t},\"*\")},!1)))}(window,document);\n\/\/# sourceURL=https:\/\/www.masvilar.cat\/wp-includes\/js\/wp-embed.min.js\n\/* ]]> *\/\n<\/script>\n","thumbnail_url":"https:\/\/www.masvilar.cat\/wp-content\/uploads\/2020\/12\/mas-vilar-entrada.jpg","thumbnail_width":1200,"thumbnail_height":788,"description":"Nous sommes Jaume et Noem\u00ed et nous voulons vous dire que nous rouvrons Mas Vilar, une ferme situ\u00e9e au c\u0153ur de Montseny, \u00e0 Arb\u00facies, avec un nouveau projet de tourisme rural. Notre exp\u00e9rience \u00e0 la Masia le Buxaus, depuis 13 ans, a \u00e9t\u00e9 d\u00e9cisive pour entreprendre ce nouveau projet. Tout au long de ces ann\u00e9es, [&hellip;]"}

Nous sommes Jaume et Noemí et nous voulons vous dire que nous rouvrons Mas Vilar, une ferme située au cœur de Montseny, à Arbúcies, avec un nouveau projet de tourisme rural. Notre expérience à la Masia le Buxaus, depuis 13 ans, a été décisive pour entreprendre ce nouveau projet. Tout au long de ces années, [&hellip;]
