{"version":"1.0","provider_name":"Mas Vilar","provider_url":"https:\/\/www.masvilar.cat\/es\/","author_name":"weareonfaya","author_url":"https:\/\/www.masvilar.cat\/es\/author\/onfayapr\/","title":"Bienvenidos a Mas Vilar - Mas Vilar","type":"rich","width":600,"height":338,"html":"<blockquote class=\"wp-embedded-content\" data-secret=\"44cicbGM8T\"><a href=\"https:\/\/www.masvilar.cat\/es\/bienvenidos-a-mas-vilar\/\">Bienvenidos a Mas Vilar<\/a><\/blockquote><iframe sandbox=\"allow-scripts\" security=\"restricted\" src=\"https:\/\/www.masvilar.cat\/es\/bienvenidos-a-mas-vilar\/embed\/#?secret=44cicbGM8T\" width=\"600\" height=\"338\" title=\"\u00abBienvenidos a Mas Vilar\u00bb \u2014 Mas Vilar\" data-secret=\"44cicbGM8T\" frameborder=\"0\" marginwidth=\"0\" marginheight=\"0\" scrolling=\"no\" class=\"wp-embedded-content\"><\/iframe><script type=\"text\/javascript\">\n\/* <![CDATA[ *\/\n\/*! This file is auto-generated *\/\n!function(d,l){\"use strict\";l.querySelector&&d.addEventListener&&\"undefined\"!=typeof URL&&(d.wp=d.wp||{},d.wp.receiveEmbedMessage||(d.wp.receiveEmbedMessage=function(e){var t=e.data;if((t||t.secret||t.message||t.value)&&!\/[^a-zA-Z0-9]\/.test(t.secret)){for(var s,r,n,a=l.querySelectorAll('iframe[data-secret=\"'+t.secret+'\"]'),o=l.querySelectorAll('blockquote[data-secret=\"'+t.secret+'\"]'),c=new RegExp(\"^https?:$\",\"i\"),i=0;i<o.length;i++)o[i].style.display=\"none\";for(i=0;i<a.length;i++)s=a[i],e.source===s.contentWindow&&(s.removeAttribute(\"style\"),\"height\"===t.message?(1e3<(r=parseInt(t.value,10))?r=1e3:~~r<200&&(r=200),s.height=r):\"link\"===t.message&&(r=new URL(s.getAttribute(\"src\")),n=new URL(t.value),c.test(n.protocol))&&n.host===r.host&&l.activeElement===s&&(d.top.location.href=t.value))}},d.addEventListener(\"message\",d.wp.receiveEmbedMessage,!1),l.addEventListener(\"DOMContentLoaded\",function(){for(var e,t,s=l.querySelectorAll(\"iframe.wp-embedded-content\"),r=0;r<s.length;r++)(t=(e=s[r]).getAttribute(\"data-secret\"))||(t=Math.random().toString(36).substring(2,12),e.src+=\"#?secret=\"+t,e.setAttribute(\"data-secret\",t)),e.contentWindow.postMessage({message:\"ready\",secret:t},\"*\")},!1)))}(window,document);\n\/\/# sourceURL=https:\/\/www.masvilar.cat\/wp-includes\/js\/wp-embed.min.js\n\/* ]]> *\/\n<\/script>\n","thumbnail_url":"https:\/\/www.masvilar.cat\/wp-content\/uploads\/2020\/12\/mas-vilar-entrada.jpg","thumbnail_width":1200,"thumbnail_height":788,"description":"Somos Jaume y Noem\u00ed y os queremos contar que reabrimos Mas Vilar, una masia situada en pleno coraz\u00f3n del Montseny, en Arb\u00facies, con un nuevo proyecto de turismo rural. Nuestra experiencia en Masia el Buxaus, durante 13 a\u00f1os, ha sido decisiva para emprender este nuevo proyecto. A lo largo de todos estos a\u00f1os hemos podido [&hellip;]"}

Somos Jaume y Noemí y os queremos contar que reabrimos Mas Vilar, una masia situada en pleno corazón del Montseny, en Arbúcies, con un nuevo proyecto de turismo rural. Nuestra experiencia en Masia el Buxaus, durante 13 años, ha sido decisiva para emprender este nuevo proyecto. A lo largo de todos estos años hemos podido [&hellip;]
